{"id":116,"date":"2016-04-19T14:44:18","date_gmt":"2016-04-19T14:44:18","guid":{"rendered":"http:\/\/www.asociacionigualar.org\/?page_id=116"},"modified":"2023-07-11T13:50:59","modified_gmt":"2023-07-11T11:50:59","slug":"departamento-de-formacion","status":"publish","type":"page","link":"https:\/\/www.asociacionigualar.org\/index.php\/areas-de-trabajo\/departamento-de-formacion\/","title":{"rendered":"Departamento de Formaci\u00f3n"},"content":{"rendered":"<h1 style=\"text-align: justify;\"><\/h1>\n<figure id=\"attachment_1163\" aria-describedby=\"caption-attachment-1163\" style=\"width: 71px\" class=\"wp-caption alignleft\"><a href=\"https:\/\/www.asociacionigualar.org\/logo-de-formacion\/\"><img decoding=\"async\" id=\"longdesc-return-1163\" class=\"size-full wp-image-1163\" tabindex=\"-1\" src=\"https:\/\/www.asociacionigualar.org\/wp-content\/uploads\/2017\/06\/logo-de-formaci\u00f3n.jpg\" alt=\"logo de formaci\u00f3n\" width=\"71\" height=\"86\" longdesc=\"https:\/\/www.asociacionigualar.org?longdesc=1163&amp;referrer=116\" \/><\/a><figcaption id=\"caption-attachment-1163\" class=\"wp-caption-text\">logo de formaci\u00f3n<\/figcaption><\/figure>\n<p style=\"text-align: justify;\"><strong>IGUALAR<\/strong> imparte cursos relacionados con sus \u00e1reas de conocimiento, tales como lengua de signos, t\u00e9cnicas de guiado en senderos para persona con discapacidad sensorial o monitores de ocio y tiempo libre, adem\u00e1s de participar colaborando en seminarios, conferencias, cursos de verano&#8230;<\/p>\n<p style=\"text-align: justify;\">Correo electr\u00f3nico: asociacionigualar@gmail.com<\/p>\n<figure id=\"attachment_1156\" aria-describedby=\"caption-attachment-1156\" style=\"width: 300px\" class=\"wp-caption aligncenter\"><a href=\"https:\/\/www.asociacionigualar.org\/index.php\/areas-de-trabajo\/departamento-de-infancia\/paula-en-senando-el-alfabeto-braille-a-un-grupo-de-ninos\/\" rel=\"attachment wp-att-1156\"><img fetchpriority=\"high\" decoding=\"async\" class=\"wp-image-1156 size-medium\" src=\"https:\/\/www.asociacionigualar.org\/wp-content\/uploads\/2016\/04\/Paula-en-se\u00f1ando-el-alfabeto-braille-a-un-grupo-de-ni\u00f1os.-300x204.jpg\" alt=\"Una de nuestras monitoras ense\u00f1ando el alfabeto braille a un grupo de ni\u00f1os.\" width=\"300\" height=\"204\" srcset=\"https:\/\/www.asociacionigualar.org\/wp-content\/uploads\/2016\/04\/Paula-en-se\u00f1ando-el-alfabeto-braille-a-un-grupo-de-ni\u00f1os.-300x204.jpg 300w, https:\/\/www.asociacionigualar.org\/wp-content\/uploads\/2016\/04\/Paula-en-se\u00f1ando-el-alfabeto-braille-a-un-grupo-de-ni\u00f1os.-768x522.jpg 768w, https:\/\/www.asociacionigualar.org\/wp-content\/uploads\/2016\/04\/Paula-en-se\u00f1ando-el-alfabeto-braille-a-un-grupo-de-ni\u00f1os.-1024x696.jpg 1024w, https:\/\/www.asociacionigualar.org\/wp-content\/uploads\/2016\/04\/Paula-en-se\u00f1ando-el-alfabeto-braille-a-un-grupo-de-ni\u00f1os.-1200x815.jpg 1200w, https:\/\/www.asociacionigualar.org\/wp-content\/uploads\/2016\/04\/Paula-en-se\u00f1ando-el-alfabeto-braille-a-un-grupo-de-ni\u00f1os..jpg 1992w\" sizes=\"(max-width: 300px) 85vw, 300px\" \/><\/a><figcaption id=\"caption-attachment-1156\" class=\"wp-caption-text\">Una de nuestras monitoras ense\u00f1ando el alfabeto braille a un grupo de ni\u00f1os.<\/figcaption><\/figure>\n<p>&nbsp;<\/p>\n","protected":false},"excerpt":{"rendered":"<p>IGUALAR imparte cursos relacionados con sus \u00e1reas de conocimiento, tales como lengua de signos, t\u00e9cnicas de guiado en senderos para persona con discapacidad sensorial o monitores de ocio y tiempo libre, adem\u00e1s de participar colaborando en seminarios, conferencias, cursos de verano&#8230; Correo electr\u00f3nico: asociacionigualar@gmail.com &nbsp;<\/p>\n","protected":false},"author":1,"featured_media":0,"parent":726,"menu_order":0,"comment_status":"closed","ping_status":"closed","template":"","meta":{"jetpack_post_was_ever_published":false,"_mc_calendar":[],"footnotes":""},"class_list":["post-116","page","type-page","status-publish","hentry"],"yoast_head":"<!-- This site is optimized with the Yoast SEO plugin v27.4 - https:\/\/yoast.com\/product\/yoast-seo-wordpress\/ -->\n<title>Departamento de Formaci\u00f3n - Asociaci\u00f3n Igualar<\/title>\n<meta name=\"robots\" content=\"index, follow, max-snippet:-1, max-image-preview:large, max-video-preview:-1\" \/>\n<link rel=\"canonical\" href=\"https:\/\/www.asociacionigualar.org\/index.php\/areas-de-trabajo\/departamento-de-formacion\/\" \/>\n<meta property=\"og:locale\" content=\"es_ES\" \/>\n<meta property=\"og:type\" content=\"article\" \/>\n<meta property=\"og:title\" content=\"Departamento de Formaci\u00f3n - Asociaci\u00f3n Igualar\" \/>\n<meta property=\"og:description\" content=\"IGUALAR imparte cursos relacionados con sus \u00e1reas de conocimiento, tales como lengua de signos, t\u00e9cnicas de guiado en senderos para persona con discapacidad sensorial o monitores de ocio y tiempo libre, adem\u00e1s de participar colaborando en seminarios, conferencias, cursos de verano&#8230; Correo electr\u00f3nico: asociacionigualar@gmail.com &nbsp;\" \/>\n<meta property=\"og:url\" content=\"https:\/\/www.asociacionigualar.org\/index.php\/areas-de-trabajo\/departamento-de-formacion\/\" \/>\n<meta property=\"og:site_name\" content=\"Asociaci\u00f3n Igualar\" \/>\n<meta property=\"article:modified_time\" content=\"2023-07-11T11:50:59+00:00\" \/>\n<meta name=\"twitter:card\" content=\"summary_large_image\" \/>\n<meta name=\"twitter:label1\" content=\"Tiempo de lectura\" \/>\n\t<meta name=\"twitter:data1\" content=\"1 minuto\" \/>\n<script type=\"application\/ld+json\" class=\"yoast-schema-graph\">{\"@context\":\"https:\\\/\\\/schema.org\",\"@graph\":[{\"@type\":\"WebPage\",\"@id\":\"https:\\\/\\\/www.asociacionigualar.org\\\/index.php\\\/areas-de-trabajo\\\/departamento-de-formacion\\\/\",\"url\":\"https:\\\/\\\/www.asociacionigualar.org\\\/index.php\\\/areas-de-trabajo\\\/departamento-de-formacion\\\/\",\"name\":\"Departamento de Formaci\u00f3n - Asociaci\u00f3n Igualar\",\"isPartOf\":{\"@id\":\"https:\\\/\\\/www.asociacionigualar.org\\\/#website\"},\"datePublished\":\"2016-04-19T14:44:18+00:00\",\"dateModified\":\"2023-07-11T11:50:59+00:00\",\"breadcrumb\":{\"@id\":\"https:\\\/\\\/www.asociacionigualar.org\\\/index.php\\\/areas-de-trabajo\\\/departamento-de-formacion\\\/#breadcrumb\"},\"inLanguage\":\"es\",\"potentialAction\":[{\"@type\":\"ReadAction\",\"target\":[\"https:\\\/\\\/www.asociacionigualar.org\\\/index.php\\\/areas-de-trabajo\\\/departamento-de-formacion\\\/\"]}]},{\"@type\":\"BreadcrumbList\",\"@id\":\"https:\\\/\\\/www.asociacionigualar.org\\\/index.php\\\/areas-de-trabajo\\\/departamento-de-formacion\\\/#breadcrumb\",\"itemListElement\":[{\"@type\":\"ListItem\",\"position\":1,\"name\":\"Portada\",\"item\":\"https:\\\/\\\/www.asociacionigualar.org\\\/\"},{\"@type\":\"ListItem\",\"position\":2,\"name\":\"\u00c1reas de trabajo\",\"item\":\"https:\\\/\\\/www.asociacionigualar.org\\\/index.php\\\/areas-de-trabajo\\\/\"},{\"@type\":\"ListItem\",\"position\":3,\"name\":\"Departamento de Formaci\u00f3n\"}]},{\"@type\":\"WebSite\",\"@id\":\"https:\\\/\\\/www.asociacionigualar.org\\\/#website\",\"url\":\"https:\\\/\\\/www.asociacionigualar.org\\\/\",\"name\":\"Asociaci\u00f3n Igualar\",\"description\":\"Ocio para todos\",\"potentialAction\":[{\"@type\":\"SearchAction\",\"target\":{\"@type\":\"EntryPoint\",\"urlTemplate\":\"https:\\\/\\\/www.asociacionigualar.org\\\/?s={search_term_string}\"},\"query-input\":{\"@type\":\"PropertyValueSpecification\",\"valueRequired\":true,\"valueName\":\"search_term_string\"}}],\"inLanguage\":\"es\"}]}<\/script>\n<!-- \/ Yoast SEO plugin. -->","yoast_head_json":{"title":"Departamento de Formaci\u00f3n - Asociaci\u00f3n Igualar","robots":{"index":"index","follow":"follow","max-snippet":"max-snippet:-1","max-image-preview":"max-image-preview:large","max-video-preview":"max-video-preview:-1"},"canonical":"https:\/\/www.asociacionigualar.org\/index.php\/areas-de-trabajo\/departamento-de-formacion\/","og_locale":"es_ES","og_type":"article","og_title":"Departamento de Formaci\u00f3n - Asociaci\u00f3n Igualar","og_description":"IGUALAR imparte cursos relacionados con sus \u00e1reas de conocimiento, tales como lengua de signos, t\u00e9cnicas de guiado en senderos para persona con discapacidad sensorial o monitores de ocio y tiempo libre, adem\u00e1s de participar colaborando en seminarios, conferencias, cursos de verano&#8230; Correo electr\u00f3nico: asociacionigualar@gmail.com &nbsp;","og_url":"https:\/\/www.asociacionigualar.org\/index.php\/areas-de-trabajo\/departamento-de-formacion\/","og_site_name":"Asociaci\u00f3n Igualar","article_modified_time":"2023-07-11T11:50:59+00:00","twitter_card":"summary_large_image","twitter_misc":{"Tiempo de lectura":"1 minuto"},"schema":{"@context":"https:\/\/schema.org","@graph":[{"@type":"WebPage","@id":"https:\/\/www.asociacionigualar.org\/index.php\/areas-de-trabajo\/departamento-de-formacion\/","url":"https:\/\/www.asociacionigualar.org\/index.php\/areas-de-trabajo\/departamento-de-formacion\/","name":"Departamento de Formaci\u00f3n - Asociaci\u00f3n Igualar","isPartOf":{"@id":"https:\/\/www.asociacionigualar.org\/#website"},"datePublished":"2016-04-19T14:44:18+00:00","dateModified":"2023-07-11T11:50:59+00:00","breadcrumb":{"@id":"https:\/\/www.asociacionigualar.org\/index.php\/areas-de-trabajo\/departamento-de-formacion\/#breadcrumb"},"inLanguage":"es","potentialAction":[{"@type":"ReadAction","target":["https:\/\/www.asociacionigualar.org\/index.php\/areas-de-trabajo\/departamento-de-formacion\/"]}]},{"@type":"BreadcrumbList","@id":"https:\/\/www.asociacionigualar.org\/index.php\/areas-de-trabajo\/departamento-de-formacion\/#breadcrumb","itemListElement":[{"@type":"ListItem","position":1,"name":"Portada","item":"https:\/\/www.asociacionigualar.org\/"},{"@type":"ListItem","position":2,"name":"\u00c1reas de trabajo","item":"https:\/\/www.asociacionigualar.org\/index.php\/areas-de-trabajo\/"},{"@type":"ListItem","position":3,"name":"Departamento de Formaci\u00f3n"}]},{"@type":"WebSite","@id":"https:\/\/www.asociacionigualar.org\/#website","url":"https:\/\/www.asociacionigualar.org\/","name":"Asociaci\u00f3n Igualar","description":"Ocio para todos","potentialAction":[{"@type":"SearchAction","target":{"@type":"EntryPoint","urlTemplate":"https:\/\/www.asociacionigualar.org\/?s={search_term_string}"},"query-input":{"@type":"PropertyValueSpecification","valueRequired":true,"valueName":"search_term_string"}}],"inLanguage":"es"}]}},"jetpack_sharing_enabled":true,"jetpack_shortlink":"https:\/\/wp.me\/P8oT1p-1S","jetpack_likes_enabled":false,"_links":{"self":[{"href":"https:\/\/www.asociacionigualar.org\/index.php\/wp-json\/wp\/v2\/pages\/116","targetHints":{"allow":["GET"]}}],"collection":[{"href":"https:\/\/www.asociacionigualar.org\/index.php\/wp-json\/wp\/v2\/pages"}],"about":[{"href":"https:\/\/www.asociacionigualar.org\/index.php\/wp-json\/wp\/v2\/types\/page"}],"author":[{"embeddable":true,"href":"https:\/\/www.asociacionigualar.org\/index.php\/wp-json\/wp\/v2\/users\/1"}],"replies":[{"embeddable":true,"href":"https:\/\/www.asociacionigualar.org\/index.php\/wp-json\/wp\/v2\/comments?post=116"}],"version-history":[{"count":13,"href":"https:\/\/www.asociacionigualar.org\/index.php\/wp-json\/wp\/v2\/pages\/116\/revisions"}],"predecessor-version":[{"id":3063,"href":"https:\/\/www.asociacionigualar.org\/index.php\/wp-json\/wp\/v2\/pages\/116\/revisions\/3063"}],"up":[{"embeddable":true,"href":"https:\/\/www.asociacionigualar.org\/index.php\/wp-json\/wp\/v2\/pages\/726"}],"wp:attachment":[{"href":"https:\/\/www.asociacionigualar.org\/index.php\/wp-json\/wp\/v2\/media?parent=116"}],"curies":[{"name":"wp","href":"https:\/\/api.w.org\/{rel}","templated":true}]}}