{"id":60,"date":"2016-04-19T12:01:33","date_gmt":"2016-04-19T12:01:33","guid":{"rendered":"http:\/\/www.asociacionigualar.org\/?page_id=60"},"modified":"2023-07-11T13:23:49","modified_gmt":"2023-07-11T11:23:49","slug":"la-asociacion","status":"publish","type":"page","link":"https:\/\/www.asociacionigualar.org\/index.php\/quienes-somos\/la-asociacion\/","title":{"rendered":"La Asociaci\u00f3n"},"content":{"rendered":"<p style=\"text-align: justify;\">Inscrita en el Registro Nacional de Asociaciones: Grupo 1 \/ Secci\u00f3n 1 \/ N\u00famero Nacional: 591.512, la <strong>ASOCIACI\u00d3N IGUALAR<\/strong> se constituye al amparo de la Ley Org\u00e1nica 1\/2002, de 22 de marzo, y normas complementarias, con capacidad jur\u00eddica y plena capacidad de obrar, es una asociaci\u00f3n innovadora en el \u00e1mbito del tiempo libre y la discapacidad, una entidad totalmente independiente, sin \u00e1nimo de lucro, que no pretende ning\u00fan fin ajeno que no vaya hermanado con la animaci\u00f3n sociocultural para personas con discapacidad.<\/p>\n<p style=\"text-align: justify;\"><strong>IGUALAR <\/strong>es una asociaci\u00f3n civil y naci\u00f3 el 8 de agosto de 2008, gracias a la iniciativa de un peque\u00f1o grupo de personas relacionadas con la educaci\u00f3n no formal en general y con el ocio y la animaci\u00f3n sociocultural en particular, y que han adquirido un s\u00f3lido compromiso y especializaci\u00f3n en la integraci\u00f3n social de las personas con discapacidad a trav\u00e9s del ocio y la recreaci\u00f3n.<\/p>\n<figure id=\"attachment_1189\" aria-describedby=\"caption-attachment-1189\" style=\"width: 484px\" class=\"wp-caption aligncenter\"><a href=\"https:\/\/www.asociacionigualar.org\/index.php\/quienes-somos\/la-asociacion\/grupo-con-expresion-de-alegria\/\" rel=\"attachment wp-att-1189\"><img fetchpriority=\"high\" decoding=\"async\" id=\"longdesc-return-1189\" class=\"wp-image-1189 size-full\" tabindex=\"-1\" src=\"https:\/\/www.asociacionigualar.org\/wp-content\/uploads\/2016\/04\/Grupo-con-expresi\u00f3n-de-alegr\u00eda.jpg\" alt=\"Grupo con expresi\u00f3n de alegr\u00eda\" width=\"484\" height=\"480\" longdesc=\"https:\/\/www.asociacionigualar.org?longdesc=1189&amp;referrer=60\" srcset=\"https:\/\/www.asociacionigualar.org\/wp-content\/uploads\/2016\/04\/Grupo-con-expresi\u00f3n-de-alegr\u00eda.jpg 484w, https:\/\/www.asociacionigualar.org\/wp-content\/uploads\/2016\/04\/Grupo-con-expresi\u00f3n-de-alegr\u00eda-150x150.jpg 150w, https:\/\/www.asociacionigualar.org\/wp-content\/uploads\/2016\/04\/Grupo-con-expresi\u00f3n-de-alegr\u00eda-300x298.jpg 300w\" sizes=\"(max-width: 484px) 85vw, 484px\" \/><\/a><figcaption id=\"caption-attachment-1189\" class=\"wp-caption-text\">Grupo de senderistas con expresi\u00f3n de alegr\u00eda.<\/figcaption><\/figure>\n<p>&nbsp;<\/p>\n","protected":false},"excerpt":{"rendered":"<p>Inscrita en el Registro Nacional de Asociaciones: Grupo 1 \/ Secci\u00f3n 1 \/ N\u00famero Nacional: 591.512, la ASOCIACI\u00d3N IGUALAR se constituye al amparo de la Ley Org\u00e1nica 1\/2002, de 22 de marzo, y normas complementarias, con capacidad jur\u00eddica y plena capacidad de obrar, es una asociaci\u00f3n innovadora en el \u00e1mbito del tiempo libre y la &hellip; <a href=\"https:\/\/www.asociacionigualar.org\/index.php\/quienes-somos\/la-asociacion\/\" class=\"more-link\">Continuar leyendo<span class=\"screen-reader-text\"> \u00abLa Asociaci\u00f3n\u00bb<\/span><\/a><\/p>\n","protected":false},"author":1,"featured_media":0,"parent":56,"menu_order":0,"comment_status":"closed","ping_status":"closed","template":"","meta":{"jetpack_post_was_ever_published":false,"_mc_calendar":[],"footnotes":""},"class_list":["post-60","page","type-page","status-publish","hentry"],"yoast_head":"<!-- This site is optimized with the Yoast SEO plugin v27.4 - https:\/\/yoast.com\/product\/yoast-seo-wordpress\/ -->\n<title>La Asociaci\u00f3n - Asociaci\u00f3n Igualar<\/title>\n<meta name=\"robots\" content=\"index, follow, max-snippet:-1, max-image-preview:large, max-video-preview:-1\" \/>\n<link rel=\"canonical\" href=\"https:\/\/www.asociacionigualar.org\/index.php\/quienes-somos\/la-asociacion\/\" \/>\n<meta property=\"og:locale\" content=\"es_ES\" \/>\n<meta property=\"og:type\" content=\"article\" \/>\n<meta property=\"og:title\" content=\"La Asociaci\u00f3n - Asociaci\u00f3n Igualar\" \/>\n<meta property=\"og:description\" content=\"Inscrita en el Registro Nacional de Asociaciones: Grupo 1 \/ Secci\u00f3n 1 \/ N\u00famero Nacional: 591.512, la ASOCIACI\u00d3N IGUALAR se constituye al amparo de la Ley Org\u00e1nica 1\/2002, de 22 de marzo, y normas complementarias, con capacidad jur\u00eddica y plena capacidad de obrar, es una asociaci\u00f3n innovadora en el \u00e1mbito del tiempo libre y la &hellip; Continuar leyendo &quot;La Asociaci\u00f3n&quot;\" \/>\n<meta property=\"og:url\" content=\"https:\/\/www.asociacionigualar.org\/index.php\/quienes-somos\/la-asociacion\/\" \/>\n<meta property=\"og:site_name\" content=\"Asociaci\u00f3n Igualar\" \/>\n<meta property=\"article:modified_time\" content=\"2023-07-11T11:23:49+00:00\" \/>\n<meta name=\"twitter:card\" content=\"summary_large_image\" \/>\n<meta name=\"twitter:label1\" content=\"Tiempo de lectura\" \/>\n\t<meta name=\"twitter:data1\" content=\"1 minuto\" \/>\n<script type=\"application\/ld+json\" class=\"yoast-schema-graph\">{\"@context\":\"https:\\\/\\\/schema.org\",\"@graph\":[{\"@type\":\"WebPage\",\"@id\":\"https:\\\/\\\/www.asociacionigualar.org\\\/index.php\\\/quienes-somos\\\/la-asociacion\\\/\",\"url\":\"https:\\\/\\\/www.asociacionigualar.org\\\/index.php\\\/quienes-somos\\\/la-asociacion\\\/\",\"name\":\"La Asociaci\u00f3n - Asociaci\u00f3n Igualar\",\"isPartOf\":{\"@id\":\"https:\\\/\\\/www.asociacionigualar.org\\\/#website\"},\"datePublished\":\"2016-04-19T12:01:33+00:00\",\"dateModified\":\"2023-07-11T11:23:49+00:00\",\"breadcrumb\":{\"@id\":\"https:\\\/\\\/www.asociacionigualar.org\\\/index.php\\\/quienes-somos\\\/la-asociacion\\\/#breadcrumb\"},\"inLanguage\":\"es\",\"potentialAction\":[{\"@type\":\"ReadAction\",\"target\":[\"https:\\\/\\\/www.asociacionigualar.org\\\/index.php\\\/quienes-somos\\\/la-asociacion\\\/\"]}]},{\"@type\":\"BreadcrumbList\",\"@id\":\"https:\\\/\\\/www.asociacionigualar.org\\\/index.php\\\/quienes-somos\\\/la-asociacion\\\/#breadcrumb\",\"itemListElement\":[{\"@type\":\"ListItem\",\"position\":1,\"name\":\"Portada\",\"item\":\"https:\\\/\\\/www.asociacionigualar.org\\\/\"},{\"@type\":\"ListItem\",\"position\":2,\"name\":\"\u00bfQui\u00e9nes somos?\",\"item\":\"https:\\\/\\\/www.asociacionigualar.org\\\/index.php\\\/quienes-somos\\\/\"},{\"@type\":\"ListItem\",\"position\":3,\"name\":\"La Asociaci\u00f3n\"}]},{\"@type\":\"WebSite\",\"@id\":\"https:\\\/\\\/www.asociacionigualar.org\\\/#website\",\"url\":\"https:\\\/\\\/www.asociacionigualar.org\\\/\",\"name\":\"Asociaci\u00f3n Igualar\",\"description\":\"Ocio para todos\",\"potentialAction\":[{\"@type\":\"SearchAction\",\"target\":{\"@type\":\"EntryPoint\",\"urlTemplate\":\"https:\\\/\\\/www.asociacionigualar.org\\\/?s={search_term_string}\"},\"query-input\":{\"@type\":\"PropertyValueSpecification\",\"valueRequired\":true,\"valueName\":\"search_term_string\"}}],\"inLanguage\":\"es\"}]}<\/script>\n<!-- \/ Yoast SEO plugin. -->","yoast_head_json":{"title":"La Asociaci\u00f3n - Asociaci\u00f3n Igualar","robots":{"index":"index","follow":"follow","max-snippet":"max-snippet:-1","max-image-preview":"max-image-preview:large","max-video-preview":"max-video-preview:-1"},"canonical":"https:\/\/www.asociacionigualar.org\/index.php\/quienes-somos\/la-asociacion\/","og_locale":"es_ES","og_type":"article","og_title":"La Asociaci\u00f3n - Asociaci\u00f3n Igualar","og_description":"Inscrita en el Registro Nacional de Asociaciones: Grupo 1 \/ Secci\u00f3n 1 \/ N\u00famero Nacional: 591.512, la ASOCIACI\u00d3N IGUALAR se constituye al amparo de la Ley Org\u00e1nica 1\/2002, de 22 de marzo, y normas complementarias, con capacidad jur\u00eddica y plena capacidad de obrar, es una asociaci\u00f3n innovadora en el \u00e1mbito del tiempo libre y la &hellip; Continuar leyendo \"La Asociaci\u00f3n\"","og_url":"https:\/\/www.asociacionigualar.org\/index.php\/quienes-somos\/la-asociacion\/","og_site_name":"Asociaci\u00f3n Igualar","article_modified_time":"2023-07-11T11:23:49+00:00","twitter_card":"summary_large_image","twitter_misc":{"Tiempo de lectura":"1 minuto"},"schema":{"@context":"https:\/\/schema.org","@graph":[{"@type":"WebPage","@id":"https:\/\/www.asociacionigualar.org\/index.php\/quienes-somos\/la-asociacion\/","url":"https:\/\/www.asociacionigualar.org\/index.php\/quienes-somos\/la-asociacion\/","name":"La Asociaci\u00f3n - Asociaci\u00f3n Igualar","isPartOf":{"@id":"https:\/\/www.asociacionigualar.org\/#website"},"datePublished":"2016-04-19T12:01:33+00:00","dateModified":"2023-07-11T11:23:49+00:00","breadcrumb":{"@id":"https:\/\/www.asociacionigualar.org\/index.php\/quienes-somos\/la-asociacion\/#breadcrumb"},"inLanguage":"es","potentialAction":[{"@type":"ReadAction","target":["https:\/\/www.asociacionigualar.org\/index.php\/quienes-somos\/la-asociacion\/"]}]},{"@type":"BreadcrumbList","@id":"https:\/\/www.asociacionigualar.org\/index.php\/quienes-somos\/la-asociacion\/#breadcrumb","itemListElement":[{"@type":"ListItem","position":1,"name":"Portada","item":"https:\/\/www.asociacionigualar.org\/"},{"@type":"ListItem","position":2,"name":"\u00bfQui\u00e9nes somos?","item":"https:\/\/www.asociacionigualar.org\/index.php\/quienes-somos\/"},{"@type":"ListItem","position":3,"name":"La Asociaci\u00f3n"}]},{"@type":"WebSite","@id":"https:\/\/www.asociacionigualar.org\/#website","url":"https:\/\/www.asociacionigualar.org\/","name":"Asociaci\u00f3n Igualar","description":"Ocio para todos","potentialAction":[{"@type":"SearchAction","target":{"@type":"EntryPoint","urlTemplate":"https:\/\/www.asociacionigualar.org\/?s={search_term_string}"},"query-input":{"@type":"PropertyValueSpecification","valueRequired":true,"valueName":"search_term_string"}}],"inLanguage":"es"}]}},"jetpack_sharing_enabled":true,"jetpack_shortlink":"https:\/\/wp.me\/P8oT1p-Y","jetpack_likes_enabled":false,"_links":{"self":[{"href":"https:\/\/www.asociacionigualar.org\/index.php\/wp-json\/wp\/v2\/pages\/60","targetHints":{"allow":["GET"]}}],"collection":[{"href":"https:\/\/www.asociacionigualar.org\/index.php\/wp-json\/wp\/v2\/pages"}],"about":[{"href":"https:\/\/www.asociacionigualar.org\/index.php\/wp-json\/wp\/v2\/types\/page"}],"author":[{"embeddable":true,"href":"https:\/\/www.asociacionigualar.org\/index.php\/wp-json\/wp\/v2\/users\/1"}],"replies":[{"embeddable":true,"href":"https:\/\/www.asociacionigualar.org\/index.php\/wp-json\/wp\/v2\/comments?post=60"}],"version-history":[{"count":12,"href":"https:\/\/www.asociacionigualar.org\/index.php\/wp-json\/wp\/v2\/pages\/60\/revisions"}],"predecessor-version":[{"id":3057,"href":"https:\/\/www.asociacionigualar.org\/index.php\/wp-json\/wp\/v2\/pages\/60\/revisions\/3057"}],"up":[{"embeddable":true,"href":"https:\/\/www.asociacionigualar.org\/index.php\/wp-json\/wp\/v2\/pages\/56"}],"wp:attachment":[{"href":"https:\/\/www.asociacionigualar.org\/index.php\/wp-json\/wp\/v2\/media?parent=60"}],"curies":[{"name":"wp","href":"https:\/\/api.w.org\/{rel}","templated":true}]}}

La Asociación

<p style="text-align: justify;">Inscrita en el Registro Nacional de Asociaciones: Grupo 1 / Sección 1 / Número Nacional: 591.512, la <strong>ASOCIACIÓN IGUALAR</strong> se constituye al amparo de la Ley Orgánica 1/2002, de 22 de marzo, y normas complementarias, con capacidad jurídica y plena capacidad de obrar, es una asociación innovadora en el ámbito del tiempo libre y la discapacidad, una entidad totalmente independiente, sin ánimo de lucro, que no pretende ningún fin ajeno que no vaya hermanado con la animación sociocultural para personas con discapacidad.</p>
<p style="text-align: justify;"><strong>IGUALAR </strong>es una asociación civil y nació el 8 de agosto de 2008, gracias a la iniciativa de un pequeño grupo de personas relacionadas con la educación no formal en general y con el ocio y la animación sociocultural en particular, y que han adquirido un sólido compromiso y especialización en la integración social de las personas con discapacidad a través del ocio y la recreación.</p>
<figure id="attachment_1189" aria-describedby="caption-attachment-1189" style="width: 484px" class="wp-caption aligncenter"><a href="https://www.asociacionigualar.org/index.php/quienes-somos/la-asociacion/grupo-con-expresion-de-alegria/" rel="attachment wp-att-1189"><img fetchpriority="high" decoding="async" id="longdesc-return-1189" class="wp-image-1189 size-full" tabindex="-1" src="https://www.asociacionigualar.org/wp-content/uploads/2016/04/Grupo-con-expresión-de-alegría.jpg" alt="Grupo con expresión de alegría" width="484" height="480" longdesc="https://www.asociacionigualar.org?longdesc=1189&amp;referrer=60" srcset="https://www.asociacionigualar.org/wp-content/uploads/2016/04/Grupo-con-expresión-de-alegría.jpg 484w, https://www.asociacionigualar.org/wp-content/uploads/2016/04/Grupo-con-expresión-de-alegría-150x150.jpg 150w, https://www.asociacionigualar.org/wp-content/uploads/2016/04/Grupo-con-expresión-de-alegría-300x298.jpg 300w" sizes="(max-width: 484px) 85vw, 484px" /></a><figcaption id="caption-attachment-1189" class="wp-caption-text">Grupo de senderistas con expresión de alegría.</figcaption></figure>
<p>&nbsp;</p>

<p>Inscrita en el Registro Nacional de Asociaciones: Grupo 1 / Sección 1 / Número Nacional: 591.512, la ASOCIACIÓN IGUALAR se constituye al amparo de la Ley Orgánica 1/2002, de 22 de marzo, y normas complementarias, con capacidad jurídica y plena capacidad de obrar, es una asociación innovadora en el ámbito del tiempo libre y la &hellip; <a href="https://www.asociacionigualar.org/index.php/quienes-somos/la-asociacion/" class="more-link">Continuar leyendo<span class="screen-reader-text"> «La Asociación»</span></a></p>

<!-- This site is optimized with the Yoast SEO plugin v27.4 - https://yoast.com/product/yoast-seo-wordpress/ -->
<title>La Asociación - Asociación Igualar</title>
<meta name="robots" content="index, follow, max-snippet:-1, max-image-preview:large, max-video-preview:-1" />
<link rel="canonical" href="https://www.asociacionigualar.org/index.php/quienes-somos/la-asociacion/" />
<meta property="og:locale" content="es_ES" />
<meta property="og:type" content="article" />
<meta property="og:title" content="La Asociación - Asociación Igualar" />
<meta property="og:description" content="Inscrita en el Registro Nacional de Asociaciones: Grupo 1 / Sección 1 / Número Nacional: 591.512, la ASOCIACIÓN IGUALAR se constituye al amparo de la Ley Orgánica 1/2002, de 22 de marzo, y normas complementarias, con capacidad jurídica y plena capacidad de obrar, es una asociación innovadora en el ámbito del tiempo libre y la &hellip; Continuar leyendo &quot;La Asociación&quot;" />
<meta property="og:url" content="https://www.asociacionigualar.org/index.php/quienes-somos/la-asociacion/" />
<meta property="og:site_name" content="Asociación Igualar" />
<meta property="article:modified_time" content="2023-07-11T11:23:49+00:00" />
<meta name="twitter:card" content="summary_large_image" />
<meta name="twitter:label1" content="Tiempo de lectura" />
	<meta name="twitter:data1" content="1 minuto" />
<script type="application/ld+json" class="yoast-schema-graph">{"@context":"https:\/\/schema.org","@graph":[{"@type":"WebPage","@id":"https:\/\/www.asociacionigualar.org\/index.php\/quienes-somos\/la-asociacion\/","url":"https:\/\/www.asociacionigualar.org\/index.php\/quienes-somos\/la-asociacion\/","name":"La Asociación - Asociación Igualar","isPartOf":{"@id":"https:\/\/www.asociacionigualar.org\/#website"},"datePublished":"2016-04-19T12:01:33+00:00","dateModified":"2023-07-11T11:23:49+00:00","breadcrumb":{"@id":"https:\/\/www.asociacionigualar.org\/index.php\/quienes-somos\/la-asociacion\/#breadcrumb"},"inLanguage":"es","potentialAction":[{"@type":"ReadAction","target":["https:\/\/www.asociacionigualar.org\/index.php\/quienes-somos\/la-asociacion\/"]}]},{"@type":"BreadcrumbList","@id":"https:\/\/www.asociacionigualar.org\/index.php\/quienes-somos\/la-asociacion\/#breadcrumb","itemListElement":[{"@type":"ListItem","position":1,"name":"Portada","item":"https:\/\/www.asociacionigualar.org\/"},{"@type":"ListItem","position":2,"name":"¿Quiénes somos?","item":"https:\/\/www.asociacionigualar.org\/index.php\/quienes-somos\/"},{"@type":"ListItem","position":3,"name":"La Asociación"}]},{"@type":"WebSite","@id":"https:\/\/www.asociacionigualar.org\/#website","url":"https:\/\/www.asociacionigualar.org\/","name":"Asociación Igualar","description":"Ocio para todos","potentialAction":[{"@type":"SearchAction","target":{"@type":"EntryPoint","urlTemplate":"https:\/\/www.asociacionigualar.org\/?s={search_term_string}"},"query-input":{"@type":"PropertyValueSpecification","valueRequired":true,"valueName":"search_term_string"}}],"inLanguage":"es"}]}</script>
<!-- / Yoast SEO plugin. -->

La Asociación - Asociación Igualar

Inscrita en el Registro Nacional de Asociaciones: Grupo 1 / Sección 1 / Número Nacional: 591.512, la ASOCIACIÓN IGUALAR se constituye al amparo de la Ley Orgánica 1/2002, de 22 de marzo, y normas complementarias, con capacidad jurídica y plena capacidad de obrar, es una asociación innovadora en el ámbito del tiempo libre y la &hellip; Continuar leyendo "La Asociación"

Asociación Igualar

¿Quiénes somos?
