{"id":62,"date":"2016-04-19T12:01:50","date_gmt":"2016-04-19T12:01:50","guid":{"rendered":"http:\/\/www.asociacionigualar.org\/?page_id=62"},"modified":"2020-06-29T13:11:46","modified_gmt":"2020-06-29T11:11:46","slug":"equipo-humano","status":"publish","type":"page","link":"https:\/\/www.asociacionigualar.org\/index.php\/quienes-somos\/equipo-humano\/","title":{"rendered":"Equipo humano"},"content":{"rendered":"<h1 style=\"text-align: justify;\"><\/h1>\n<p style=\"text-align: justify;\">Los componentes de la asociaci\u00f3n somos personas que hemos vivido <strong>m\u00faltiples experiencias en la programaci\u00f3n y posterior desarrollo de actividades de ocio para personas con diversas discapacidades<\/strong>, tanto f\u00edsicas como intelectuales o sensoriales, de manera independiente; hasta que decidimos formar un equipo multidisciplinar: la <strong>ASOCIACI\u00d3N IGUALAR<\/strong>.<\/p>\n<p style=\"text-align: justify;\">El grupo de personas que componen IGUALAR se estructura en tres \u00e1reas: <strong>el grupo de direcci\u00f3n<\/strong> o Junta directiva, <strong>el grupo de gesti\u00f3n<\/strong>, formado por dise\u00f1adores y coordinadores de proyectos y <strong>el grupo de colaboraci\u00f3n<\/strong> en el que participan los monitores de ocio y tiempo libre as\u00ed como los voluntarios.<\/p>\n<figure id=\"attachment_1124\" aria-describedby=\"caption-attachment-1124\" style=\"width: 840px\" class=\"wp-caption alignleft\"><a href=\"https:\/\/www.asociacionigualar.org\/index.php\/quienes-somos\/equipo-humano\/equipo-del-dia-del-nino-formado-por-gato-jorge-ion-javilo-sara-almu-y-anab\/\" rel=\"attachment wp-att-1124\"><img fetchpriority=\"high\" decoding=\"async\" id=\"longdesc-return-1124\" class=\"wp-image-1124 size-large\" tabindex=\"-1\" src=\"https:\/\/www.asociacionigualar.org\/wp-content\/uploads\/2016\/04\/EQUIPO-DEL-DIA-DEL-NI\u00d1O-FORMADO-POR-GATO-JORGE-ION-JAVILO-SARA-ALMU-Y-ANAB-1024x576.jpg\" alt=\"EQUIPO EN EL D\u00cdA DEL NI\u00d1O DE POZUELO DE ALARC\u00d3N 2017\" width=\"840\" height=\"473\" longdesc=\"https:\/\/www.asociacionigualar.org?longdesc=1124&amp;referrer=62\" srcset=\"https:\/\/www.asociacionigualar.org\/wp-content\/uploads\/2016\/04\/EQUIPO-DEL-DIA-DEL-NI\u00d1O-FORMADO-POR-GATO-JORGE-ION-JAVILO-SARA-ALMU-Y-ANAB-1024x576.jpg 1024w, https:\/\/www.asociacionigualar.org\/wp-content\/uploads\/2016\/04\/EQUIPO-DEL-DIA-DEL-NI\u00d1O-FORMADO-POR-GATO-JORGE-ION-JAVILO-SARA-ALMU-Y-ANAB-300x169.jpg 300w, https:\/\/www.asociacionigualar.org\/wp-content\/uploads\/2016\/04\/EQUIPO-DEL-DIA-DEL-NI\u00d1O-FORMADO-POR-GATO-JORGE-ION-JAVILO-SARA-ALMU-Y-ANAB-768x432.jpg 768w, https:\/\/www.asociacionigualar.org\/wp-content\/uploads\/2016\/04\/EQUIPO-DEL-DIA-DEL-NI\u00d1O-FORMADO-POR-GATO-JORGE-ION-JAVILO-SARA-ALMU-Y-ANAB-1200x675.jpg 1200w, https:\/\/www.asociacionigualar.org\/wp-content\/uploads\/2016\/04\/EQUIPO-DEL-DIA-DEL-NI\u00d1O-FORMADO-POR-GATO-JORGE-ION-JAVILO-SARA-ALMU-Y-ANAB.jpg 1600w\" sizes=\"(max-width: 709px) 85vw, (max-width: 909px) 67vw, (max-width: 1362px) 62vw, 840px\" \/><\/a><figcaption id=\"caption-attachment-1124\" class=\"wp-caption-text\">EQUIPO EN EL D\u00cdA DEL NI\u00d1O DE POZUELO DE ALARC\u00d3N<\/figcaption><\/figure>\n<p>&nbsp;<\/p>\n","protected":false},"excerpt":{"rendered":"<p>Los componentes de la asociaci\u00f3n somos personas que hemos vivido m\u00faltiples experiencias en la programaci\u00f3n y posterior desarrollo de actividades de ocio para personas con diversas discapacidades, tanto f\u00edsicas como intelectuales o sensoriales, de manera independiente; hasta que decidimos formar un equipo multidisciplinar: la ASOCIACI\u00d3N IGUALAR. El grupo de personas que componen IGUALAR se estructura &hellip; <a href=\"https:\/\/www.asociacionigualar.org\/index.php\/quienes-somos\/equipo-humano\/\" class=\"more-link\">Continuar leyendo<span class=\"screen-reader-text\"> \u00abEquipo humano\u00bb<\/span><\/a><\/p>\n","protected":false},"author":1,"featured_media":0,"parent":56,"menu_order":0,"comment_status":"closed","ping_status":"closed","template":"","meta":{"jetpack_post_was_ever_published":false,"_mc_calendar":[],"footnotes":""},"class_list":["post-62","page","type-page","status-publish","hentry"],"yoast_head":"<!-- This site is optimized with the Yoast SEO plugin v27.4 - https:\/\/yoast.com\/product\/yoast-seo-wordpress\/ -->\n<title>Equipo humano - Asociaci\u00f3n Igualar<\/title>\n<meta name=\"robots\" content=\"index, follow, max-snippet:-1, max-image-preview:large, max-video-preview:-1\" \/>\n<link rel=\"canonical\" href=\"https:\/\/www.asociacionigualar.org\/index.php\/quienes-somos\/equipo-humano\/\" \/>\n<meta property=\"og:locale\" content=\"es_ES\" \/>\n<meta property=\"og:type\" content=\"article\" \/>\n<meta property=\"og:title\" content=\"Equipo humano - Asociaci\u00f3n Igualar\" \/>\n<meta property=\"og:description\" content=\"Los componentes de la asociaci\u00f3n somos personas que hemos vivido m\u00faltiples experiencias en la programaci\u00f3n y posterior desarrollo de actividades de ocio para personas con diversas discapacidades, tanto f\u00edsicas como intelectuales o sensoriales, de manera independiente; hasta que decidimos formar un equipo multidisciplinar: la ASOCIACI\u00d3N IGUALAR. El grupo de personas que componen IGUALAR se estructura &hellip; Continuar leyendo &quot;Equipo humano&quot;\" \/>\n<meta property=\"og:url\" content=\"https:\/\/www.asociacionigualar.org\/index.php\/quienes-somos\/equipo-humano\/\" \/>\n<meta property=\"og:site_name\" content=\"Asociaci\u00f3n Igualar\" \/>\n<meta property=\"article:modified_time\" content=\"2020-06-29T11:11:46+00:00\" \/>\n<meta name=\"twitter:card\" content=\"summary_large_image\" \/>\n<meta name=\"twitter:label1\" content=\"Tiempo de lectura\" \/>\n\t<meta name=\"twitter:data1\" content=\"1 minuto\" \/>\n<script type=\"application\/ld+json\" class=\"yoast-schema-graph\">{\"@context\":\"https:\\\/\\\/schema.org\",\"@graph\":[{\"@type\":\"WebPage\",\"@id\":\"https:\\\/\\\/www.asociacionigualar.org\\\/index.php\\\/quienes-somos\\\/equipo-humano\\\/\",\"url\":\"https:\\\/\\\/www.asociacionigualar.org\\\/index.php\\\/quienes-somos\\\/equipo-humano\\\/\",\"name\":\"Equipo humano - Asociaci\u00f3n Igualar\",\"isPartOf\":{\"@id\":\"https:\\\/\\\/www.asociacionigualar.org\\\/#website\"},\"datePublished\":\"2016-04-19T12:01:50+00:00\",\"dateModified\":\"2020-06-29T11:11:46+00:00\",\"breadcrumb\":{\"@id\":\"https:\\\/\\\/www.asociacionigualar.org\\\/index.php\\\/quienes-somos\\\/equipo-humano\\\/#breadcrumb\"},\"inLanguage\":\"es\",\"potentialAction\":[{\"@type\":\"ReadAction\",\"target\":[\"https:\\\/\\\/www.asociacionigualar.org\\\/index.php\\\/quienes-somos\\\/equipo-humano\\\/\"]}]},{\"@type\":\"BreadcrumbList\",\"@id\":\"https:\\\/\\\/www.asociacionigualar.org\\\/index.php\\\/quienes-somos\\\/equipo-humano\\\/#breadcrumb\",\"itemListElement\":[{\"@type\":\"ListItem\",\"position\":1,\"name\":\"Portada\",\"item\":\"https:\\\/\\\/www.asociacionigualar.org\\\/\"},{\"@type\":\"ListItem\",\"position\":2,\"name\":\"\u00bfQui\u00e9nes somos?\",\"item\":\"https:\\\/\\\/www.asociacionigualar.org\\\/index.php\\\/quienes-somos\\\/\"},{\"@type\":\"ListItem\",\"position\":3,\"name\":\"Equipo humano\"}]},{\"@type\":\"WebSite\",\"@id\":\"https:\\\/\\\/www.asociacionigualar.org\\\/#website\",\"url\":\"https:\\\/\\\/www.asociacionigualar.org\\\/\",\"name\":\"Asociaci\u00f3n Igualar\",\"description\":\"Ocio para todos\",\"potentialAction\":[{\"@type\":\"SearchAction\",\"target\":{\"@type\":\"EntryPoint\",\"urlTemplate\":\"https:\\\/\\\/www.asociacionigualar.org\\\/?s={search_term_string}\"},\"query-input\":{\"@type\":\"PropertyValueSpecification\",\"valueRequired\":true,\"valueName\":\"search_term_string\"}}],\"inLanguage\":\"es\"}]}<\/script>\n<!-- \/ Yoast SEO plugin. -->","yoast_head_json":{"title":"Equipo humano - Asociaci\u00f3n Igualar","robots":{"index":"index","follow":"follow","max-snippet":"max-snippet:-1","max-image-preview":"max-image-preview:large","max-video-preview":"max-video-preview:-1"},"canonical":"https:\/\/www.asociacionigualar.org\/index.php\/quienes-somos\/equipo-humano\/","og_locale":"es_ES","og_type":"article","og_title":"Equipo humano - Asociaci\u00f3n Igualar","og_description":"Los componentes de la asociaci\u00f3n somos personas que hemos vivido m\u00faltiples experiencias en la programaci\u00f3n y posterior desarrollo de actividades de ocio para personas con diversas discapacidades, tanto f\u00edsicas como intelectuales o sensoriales, de manera independiente; hasta que decidimos formar un equipo multidisciplinar: la ASOCIACI\u00d3N IGUALAR. El grupo de personas que componen IGUALAR se estructura &hellip; Continuar leyendo \"Equipo humano\"","og_url":"https:\/\/www.asociacionigualar.org\/index.php\/quienes-somos\/equipo-humano\/","og_site_name":"Asociaci\u00f3n Igualar","article_modified_time":"2020-06-29T11:11:46+00:00","twitter_card":"summary_large_image","twitter_misc":{"Tiempo de lectura":"1 minuto"},"schema":{"@context":"https:\/\/schema.org","@graph":[{"@type":"WebPage","@id":"https:\/\/www.asociacionigualar.org\/index.php\/quienes-somos\/equipo-humano\/","url":"https:\/\/www.asociacionigualar.org\/index.php\/quienes-somos\/equipo-humano\/","name":"Equipo humano - Asociaci\u00f3n Igualar","isPartOf":{"@id":"https:\/\/www.asociacionigualar.org\/#website"},"datePublished":"2016-04-19T12:01:50+00:00","dateModified":"2020-06-29T11:11:46+00:00","breadcrumb":{"@id":"https:\/\/www.asociacionigualar.org\/index.php\/quienes-somos\/equipo-humano\/#breadcrumb"},"inLanguage":"es","potentialAction":[{"@type":"ReadAction","target":["https:\/\/www.asociacionigualar.org\/index.php\/quienes-somos\/equipo-humano\/"]}]},{"@type":"BreadcrumbList","@id":"https:\/\/www.asociacionigualar.org\/index.php\/quienes-somos\/equipo-humano\/#breadcrumb","itemListElement":[{"@type":"ListItem","position":1,"name":"Portada","item":"https:\/\/www.asociacionigualar.org\/"},{"@type":"ListItem","position":2,"name":"\u00bfQui\u00e9nes somos?","item":"https:\/\/www.asociacionigualar.org\/index.php\/quienes-somos\/"},{"@type":"ListItem","position":3,"name":"Equipo humano"}]},{"@type":"WebSite","@id":"https:\/\/www.asociacionigualar.org\/#website","url":"https:\/\/www.asociacionigualar.org\/","name":"Asociaci\u00f3n Igualar","description":"Ocio para todos","potentialAction":[{"@type":"SearchAction","target":{"@type":"EntryPoint","urlTemplate":"https:\/\/www.asociacionigualar.org\/?s={search_term_string}"},"query-input":{"@type":"PropertyValueSpecification","valueRequired":true,"valueName":"search_term_string"}}],"inLanguage":"es"}]}},"jetpack_sharing_enabled":true,"jetpack_shortlink":"https:\/\/wp.me\/P8oT1p-10","jetpack_likes_enabled":false,"_links":{"self":[{"href":"https:\/\/www.asociacionigualar.org\/index.php\/wp-json\/wp\/v2\/pages\/62","targetHints":{"allow":["GET"]}}],"collection":[{"href":"https:\/\/www.asociacionigualar.org\/index.php\/wp-json\/wp\/v2\/pages"}],"about":[{"href":"https:\/\/www.asociacionigualar.org\/index.php\/wp-json\/wp\/v2\/types\/page"}],"author":[{"embeddable":true,"href":"https:\/\/www.asociacionigualar.org\/index.php\/wp-json\/wp\/v2\/users\/1"}],"replies":[{"embeddable":true,"href":"https:\/\/www.asociacionigualar.org\/index.php\/wp-json\/wp\/v2\/comments?post=62"}],"version-history":[{"count":12,"href":"https:\/\/www.asociacionigualar.org\/index.php\/wp-json\/wp\/v2\/pages\/62\/revisions"}],"predecessor-version":[{"id":2211,"href":"https:\/\/www.asociacionigualar.org\/index.php\/wp-json\/wp\/v2\/pages\/62\/revisions\/2211"}],"up":[{"embeddable":true,"href":"https:\/\/www.asociacionigualar.org\/index.php\/wp-json\/wp\/v2\/pages\/56"}],"wp:attachment":[{"href":"https:\/\/www.asociacionigualar.org\/index.php\/wp-json\/wp\/v2\/media?parent=62"}],"curies":[{"name":"wp","href":"https:\/\/api.w.org\/{rel}","templated":true}]}}

<h1 style="text-align: justify;"></h1>
<p style="text-align: justify;">Los componentes de la asociación somos personas que hemos vivido <strong>múltiples experiencias en la programación y posterior desarrollo de actividades de ocio para personas con diversas discapacidades</strong>, tanto físicas como intelectuales o sensoriales, de manera independiente; hasta que decidimos formar un equipo multidisciplinar: la <strong>ASOCIACIÓN IGUALAR</strong>.</p>
<p style="text-align: justify;">El grupo de personas que componen IGUALAR se estructura en tres áreas: <strong>el grupo de dirección</strong> o Junta directiva, <strong>el grupo de gestión</strong>, formado por diseñadores y coordinadores de proyectos y <strong>el grupo de colaboración</strong> en el que participan los monitores de ocio y tiempo libre así como los voluntarios.</p>
<figure id="attachment_1124" aria-describedby="caption-attachment-1124" style="width: 840px" class="wp-caption alignleft"><a href="https://www.asociacionigualar.org/index.php/quienes-somos/equipo-humano/equipo-del-dia-del-nino-formado-por-gato-jorge-ion-javilo-sara-almu-y-anab/" rel="attachment wp-att-1124"><img fetchpriority="high" decoding="async" id="longdesc-return-1124" class="wp-image-1124 size-large" tabindex="-1" src="https://www.asociacionigualar.org/wp-content/uploads/2016/04/EQUIPO-DEL-DIA-DEL-NIÑO-FORMADO-POR-GATO-JORGE-ION-JAVILO-SARA-ALMU-Y-ANAB-1024x576.jpg" alt="EQUIPO EN EL DÍA DEL NIÑO DE POZUELO DE ALARCÓN 2017" width="840" height="473" longdesc="https://www.asociacionigualar.org?longdesc=1124&amp;referrer=62" srcset="https://www.asociacionigualar.org/wp-content/uploads/2016/04/EQUIPO-DEL-DIA-DEL-NIÑO-FORMADO-POR-GATO-JORGE-ION-JAVILO-SARA-ALMU-Y-ANAB-1024x576.jpg 1024w, https://www.asociacionigualar.org/wp-content/uploads/2016/04/EQUIPO-DEL-DIA-DEL-NIÑO-FORMADO-POR-GATO-JORGE-ION-JAVILO-SARA-ALMU-Y-ANAB-300x169.jpg 300w, https://www.asociacionigualar.org/wp-content/uploads/2016/04/EQUIPO-DEL-DIA-DEL-NIÑO-FORMADO-POR-GATO-JORGE-ION-JAVILO-SARA-ALMU-Y-ANAB-768x432.jpg 768w, https://www.asociacionigualar.org/wp-content/uploads/2016/04/EQUIPO-DEL-DIA-DEL-NIÑO-FORMADO-POR-GATO-JORGE-ION-JAVILO-SARA-ALMU-Y-ANAB-1200x675.jpg 1200w, https://www.asociacionigualar.org/wp-content/uploads/2016/04/EQUIPO-DEL-DIA-DEL-NIÑO-FORMADO-POR-GATO-JORGE-ION-JAVILO-SARA-ALMU-Y-ANAB.jpg 1600w" sizes="(max-width: 709px) 85vw, (max-width: 909px) 67vw, (max-width: 1362px) 62vw, 840px" /></a><figcaption id="caption-attachment-1124" class="wp-caption-text">EQUIPO EN EL DÍA DEL NIÑO DE POZUELO DE ALARCÓN</figcaption></figure>
<p>&nbsp;</p>

<p>Los componentes de la asociación somos personas que hemos vivido múltiples experiencias en la programación y posterior desarrollo de actividades de ocio para personas con diversas discapacidades, tanto físicas como intelectuales o sensoriales, de manera independiente; hasta que decidimos formar un equipo multidisciplinar: la ASOCIACIÓN IGUALAR. El grupo de personas que componen IGUALAR se estructura &hellip; <a href="https://www.asociacionigualar.org/index.php/quienes-somos/equipo-humano/" class="more-link">Continuar leyendo<span class="screen-reader-text"> «Equipo humano»</span></a></p>

<!-- This site is optimized with the Yoast SEO plugin v27.4 - https://yoast.com/product/yoast-seo-wordpress/ -->
<title>Equipo humano - Asociación Igualar</title>
<meta name="robots" content="index, follow, max-snippet:-1, max-image-preview:large, max-video-preview:-1" />
<link rel="canonical" href="https://www.asociacionigualar.org/index.php/quienes-somos/equipo-humano/" />
<meta property="og:locale" content="es_ES" />
<meta property="og:type" content="article" />
<meta property="og:title" content="Equipo humano - Asociación Igualar" />
<meta property="og:description" content="Los componentes de la asociación somos personas que hemos vivido múltiples experiencias en la programación y posterior desarrollo de actividades de ocio para personas con diversas discapacidades, tanto físicas como intelectuales o sensoriales, de manera independiente; hasta que decidimos formar un equipo multidisciplinar: la ASOCIACIÓN IGUALAR. El grupo de personas que componen IGUALAR se estructura &hellip; Continuar leyendo &quot;Equipo humano&quot;" />
<meta property="og:url" content="https://www.asociacionigualar.org/index.php/quienes-somos/equipo-humano/" />
<meta property="og:site_name" content="Asociación Igualar" />
<meta property="article:modified_time" content="2020-06-29T11:11:46+00:00" />
<meta name="twitter:card" content="summary_large_image" />
<meta name="twitter:label1" content="Tiempo de lectura" />
	<meta name="twitter:data1" content="1 minuto" />
<script type="application/ld+json" class="yoast-schema-graph">{"@context":"https:\/\/schema.org","@graph":[{"@type":"WebPage","@id":"https:\/\/www.asociacionigualar.org\/index.php\/quienes-somos\/equipo-humano\/","url":"https:\/\/www.asociacionigualar.org\/index.php\/quienes-somos\/equipo-humano\/","name":"Equipo humano - Asociación Igualar","isPartOf":{"@id":"https:\/\/www.asociacionigualar.org\/#website"},"datePublished":"2016-04-19T12:01:50+00:00","dateModified":"2020-06-29T11:11:46+00:00","breadcrumb":{"@id":"https:\/\/www.asociacionigualar.org\/index.php\/quienes-somos\/equipo-humano\/#breadcrumb"},"inLanguage":"es","potentialAction":[{"@type":"ReadAction","target":["https:\/\/www.asociacionigualar.org\/index.php\/quienes-somos\/equipo-humano\/"]}]},{"@type":"BreadcrumbList","@id":"https:\/\/www.asociacionigualar.org\/index.php\/quienes-somos\/equipo-humano\/#breadcrumb","itemListElement":[{"@type":"ListItem","position":1,"name":"Portada","item":"https:\/\/www.asociacionigualar.org\/"},{"@type":"ListItem","position":2,"name":"¿Quiénes somos?","item":"https:\/\/www.asociacionigualar.org\/index.php\/quienes-somos\/"},{"@type":"ListItem","position":3,"name":"Equipo humano"}]},{"@type":"WebSite","@id":"https:\/\/www.asociacionigualar.org\/#website","url":"https:\/\/www.asociacionigualar.org\/","name":"Asociación Igualar","description":"Ocio para todos","potentialAction":[{"@type":"SearchAction","target":{"@type":"EntryPoint","urlTemplate":"https:\/\/www.asociacionigualar.org\/?s={search_term_string}"},"query-input":{"@type":"PropertyValueSpecification","valueRequired":true,"valueName":"search_term_string"}}],"inLanguage":"es"}]}</script>
<!-- / Yoast SEO plugin. -->

Equipo humano - Asociación Igualar

Los componentes de la asociación somos personas que hemos vivido múltiples experiencias en la programación y posterior desarrollo de actividades de ocio para personas con diversas discapacidades, tanto físicas como intelectuales o sensoriales, de manera independiente; hasta que decidimos formar un equipo multidisciplinar: la ASOCIACIÓN IGUALAR. El grupo de personas que componen IGUALAR se estructura &hellip; Continuar leyendo "Equipo humano"

Asociación Igualar

¿Quiénes somos?
